{"id":1622,"date":"2025-06-09T15:37:01","date_gmt":"2025-06-09T13:37:01","guid":{"rendered":"http:\/\/www.radort-magdeburg.com\/?page_id=1622"},"modified":"2025-12-27T22:45:20","modified_gmt":"2025-12-27T21:45:20","slug":"elbe-radweg-tschechien","status":"publish","type":"page","link":"http:\/\/www.radort-magdeburg.com\/index.php\/touren\/elberadweg\/elbe-radweg-tschechien\/","title":{"rendered":"Elbe-Radweg Tschechien"},"content":{"rendered":"<p>Von der Elbquelle im Riesengebirge nach Bad Schandau<\/p>\n<p><b>1. Tag: Individuelle Anreise nach Dresden und von Dresden \u00fcber Prag nach Vrchlabi mit dem Zug und dann weiter mit dem Rad nach \u0160pindler\u016fv Ml\u00fdn (Spindlerm\u00fchle).<\/b><\/p>\n<p><b>2. Tag: \u0160pindler\u016fv Ml\u00fdn (Spindlerm\u00fchle) nach Pramen Labe (Elbquelle) und zur\u00fcck, ca. 45,5 km<\/b><br \/>\n2.1 Von \u0160pindler\u016fv Ml\u00fdn (Spindlerm\u00fchle) nach Labsk\u00e1 bouda (Elbbaude), ca. 15,4 km<br \/>\n2.2 Von Labsk\u00e1 bouda (Elbbaude) nach Pramen Labe (Elbquelle), ca. 1,0 km<br \/>\n2.3 Von Pramen Labe (Elbquelle) nach Labsk\u00e1 bouda (Elbbaude), ca. 1,0 km<br \/>\n2.4 Von Labsk\u00e1 bouda (Elbbaude) nach Vrachlabi (Hohenelbe) ca. 28,5 km<\/p>\n<p><script type=\"text\/javascript\" src=\"https:\/\/www.outdooractive.com\/de\/embed\/301730149\/js?mw=false&#038;usr=1ozf8v&#038;key=USR-HWUOAGTH-EMWGKSUC-4OSSTBHV\"><\/script><\/p>\n<p><script type=\"text\/javascript\" src=\"https:\/\/www.outdooractive.com\/de\/embed\/301730518\/js?mw=false&#038;usr=1ozf8v&#038;key=USR-HWUOAGTH-EMWGKSUC-4OSSTBHV\"><\/script><\/p>\n<p><script type=\"text\/javascript\" src=\"https:\/\/www.outdooractive.com\/de\/embed\/301730779\/js?mw=false&#038;usr=1ozf8v&#038;key=USR-HWUOAGTH-EMWGKSUC-4OSSTBHV\"><\/script><\/p>\n<p><script type=\"text\/javascript\" src=\"https:\/\/www.outdooractive.com\/de\/embed\/318020397\/js?mw=false\"><\/script><\/p>\n<p><b>3. Tag: Vrchlabi (Hohenelbe) &#8211; Hradec Kr\u00e1lov\u00e9 (K\u00f6niggr\u00e4tz) &#8211; ca. 74,5 km<\/b><br \/>\n1. Von Vrchlabi (Hohenelbe) nach Hostinn\u00e9 (Arnau) ca. 14,0 km<br \/>\n2. Von Hostinn\u00e9 (Arnau) nach Dv\u016fr Kr\u00e1lov\u00e9 nad Labem (K\u00f6nighof an der Elbe) 19,5 km<br \/>\n3. Von Dv\u016fr Kr\u00e1lov\u00e9 nad Labem (K\u00f6nighof an der Elbe) nach Jarom\u011b\u0159 ca. 15,5 km<br \/>\n4. Von Jarom\u011b\u0159 nach Hradec Kr\u00e1lov\u00e9 (K\u00f6niggr\u00e4tz) ca. 22,5 km<\/p>\n<p><script type=\"text\/javascript\" src=\"https:\/\/www.outdooractive.com\/de\/embed\/317895684\/js?mw=false\"><\/script><\/p>\n<p><b>4. Tag: Hradec Kr\u00e1lov\u00e9 (K\u00f6niggr\u00e4tz) \u2013 Kolin ca. 76,5 km<\/b><br \/>\n1. Von Hradec Kr\u00e1lov\u00e9 (K\u00f6niggr\u00e4tz) nach Pardubice (Pardubitz) ca. 24,0 km<br \/>\n2.Von Pardubice (Pardubitz) nach B\u0159ehy ca. 19,5 km<br \/>\n3. Von B\u0159ehy nach Tynec nad Labem (Elbeteinitz) ca. 18,5 km<br \/>\n4. Von Tynec nad Labem (Elbeteinitz) nach Kolin ca. 14,5 km<\/p>\n<p><script type=\"text\/javascript\" src=\"https:\/\/www.outdooractive.com\/de\/embed\/317897266\/js?mw=false\"><\/script><\/p>\n<p><b>5. Tag: Kolin \u2013 Praha (Prag) ca. 90,3 km<\/b><br \/>\n1. Von Kolin nach Pod\u011bbrady (Podiebrad) ca. 21 km<br \/>\n2. Von Pod\u011bbrady (Podiebrad) nach Nymburk (Nimburg) ca. 8 km<br \/>\n3. Von Nymburk (Nimburg) nach Lys\u00e1 nad Labem (Lissa an der Elbe) ca. 18 km<br \/>\n4. Von Lys\u00e1 nad Labem (Lissa an der Elbe) nach \u010cel\u00e1kovice (Czelakowitz) ca. 12 km<br \/>\n5. Von \u010cel\u00e1kovice (Czelakowitz) nach L\u00e1zn\u011b Tou\u0161e\u0148 (Bad Tauschim) ca. 5 km<br \/>\n6. Von L\u00e1zn\u011b Tou\u0161e\u0148 (Bad Tauschim) nach Praha (Prag) ca. 25 km<\/p>\n<p><script type=\"text\/javascript\" src=\"https:\/\/www.outdooractive.com\/de\/embed\/317901810\/js?mw=false\"><\/script><\/p>\n<p><b>6. Tag: Praha (Prag) \u2013 M\u011bln\u00edk &#8211; ca. 61,0 km<\/b><br \/>\n1. Von Praha (Prag) nach Veltrusy ca. 40 km<br \/>\n2. Von Veltrusy nach M\u011bln\u00edk ca. 21 km<\/p>\n<p><script type=\"text\/javascript\" src=\"https:\/\/www.outdooractive.com\/de\/embed\/317904416\/js?mw=false\"><\/script><\/p>\n<p><b>7. Tag: M\u011bln\u00edk \u2013 \u00dast\u00ed nad Labem (Aussig) ca. 77,6 km<\/b><br \/>\n1. Von M\u011bln\u00edk nach Roudnice nad Labem (Raudnitz an der Elbe) ca. 30 km<br \/>\n2. Von Roudnice nad Labem (Raudnitz an der Elbe) nach Litom\u011b\u0159ice (Leitmeritz) ca. 18,5 km<br \/>\n3. Von Litom\u011b\u0159ice (Leitmeritz) nach \u00dast\u00ed nad Labem (Aussig) ca. 26 km<\/p>\n<p><script type=\"text\/javascript\" src=\"https:\/\/www.outdooractive.com\/de\/embed\/317905249\/js?mw=false\"><\/script><\/p>\n<p><b>8. Tag: \u00dast\u00ed nad Labem (Aussig) \u2013 Bad Schandau ca. 48,3 km<\/b><br \/>\n1. Von \u00dast\u00ed nad Labem (Aussig) nach D\u011b\u010d\u00edn (Tetschen) ca. 26,3 km<br \/>\n2. Von D\u011b\u010d\u00edn (Tetschen) nach Bad Schandau ca. 22 km<\/p>\n<p><script type=\"text\/javascript\" src=\"https:\/\/www.outdooractive.com\/de\/embed\/317906533\/js?mw=false\"><\/script><\/p>\n","protected":false},"excerpt":{"rendered":"<p>Von der Elbquelle im Riesengebirge nach Bad Schandau 1. Tag: Individuelle Anreise nach Dresden und von Dresden \u00fcber Prag nach Vrchlabi mit dem Zug und dann weiter mit dem Rad nach \u0160pindler\u016fv Ml\u00fdn (Spindlerm\u00fchle). 2. Tag: \u0160pindler\u016fv Ml\u00fdn (Spindlerm\u00fchle) nach &hellip; <a href=\"http:\/\/www.radort-magdeburg.com\/index.php\/touren\/elberadweg\/elbe-radweg-tschechien\/\">Weiterlesen <span class=\"meta-nav\">&rarr;<\/span><\/a><\/p>\n","protected":false},"author":1,"featured_media":0,"parent":182,"menu_order":0,"comment_status":"closed","ping_status":"closed","template":"","meta":{"_mc_calendar":[],"footnotes":""},"class_list":["post-1622","page","type-page","status-publish","hentry"],"yoast_head":"<!-- This site is optimized with the Yoast SEO plugin v27.4 - https:\/\/yoast.com\/product\/yoast-seo-wordpress\/ -->\n<title>Elbe-Radweg Tschechien - radort Magdeburg<\/title>\n<meta name=\"robots\" content=\"index, follow, max-snippet:-1, max-image-preview:large, max-video-preview:-1\" \/>\n<link rel=\"canonical\" href=\"http:\/\/www.radort-magdeburg.com\/index.php\/touren\/elberadweg\/elbe-radweg-tschechien\/\" \/>\n<meta property=\"og:locale\" content=\"de_DE\" \/>\n<meta property=\"og:type\" content=\"article\" \/>\n<meta property=\"og:title\" content=\"Elbe-Radweg Tschechien - radort Magdeburg\" \/>\n<meta property=\"og:description\" content=\"Von der Elbquelle im Riesengebirge nach Bad Schandau 1. Tag: Individuelle Anreise nach Dresden und von Dresden \u00fcber Prag nach Vrchlabi mit dem Zug und dann weiter mit dem Rad nach \u0160pindler\u016fv Ml\u00fdn (Spindlerm\u00fchle). 2. Tag: \u0160pindler\u016fv Ml\u00fdn (Spindlerm\u00fchle) nach &hellip; Weiterlesen &rarr;\" \/>\n<meta property=\"og:url\" content=\"http:\/\/www.radort-magdeburg.com\/index.php\/touren\/elberadweg\/elbe-radweg-tschechien\/\" \/>\n<meta property=\"og:site_name\" content=\"radort Magdeburg\" \/>\n<meta property=\"article:modified_time\" content=\"2025-12-27T21:45:20+00:00\" \/>\n<meta name=\"twitter:card\" content=\"summary_large_image\" \/>\n<meta name=\"twitter:label1\" content=\"Gesch\u00e4tzte Lesezeit\" \/>\n\t<meta name=\"twitter:data1\" content=\"3\u00a0Minuten\" \/>\n<script type=\"application\/ld+json\" class=\"yoast-schema-graph\">{\"@context\":\"https:\\\/\\\/schema.org\",\"@graph\":[{\"@type\":\"WebPage\",\"@id\":\"http:\\\/\\\/www.radort-magdeburg.com\\\/index.php\\\/touren\\\/elberadweg\\\/elbe-radweg-tschechien\\\/\",\"url\":\"http:\\\/\\\/www.radort-magdeburg.com\\\/index.php\\\/touren\\\/elberadweg\\\/elbe-radweg-tschechien\\\/\",\"name\":\"Elbe-Radweg Tschechien - radort Magdeburg\",\"isPartOf\":{\"@id\":\"http:\\\/\\\/www.radort-magdeburg.com\\\/#website\"},\"datePublished\":\"2025-06-09T13:37:01+00:00\",\"dateModified\":\"2025-12-27T21:45:20+00:00\",\"breadcrumb\":{\"@id\":\"http:\\\/\\\/www.radort-magdeburg.com\\\/index.php\\\/touren\\\/elberadweg\\\/elbe-radweg-tschechien\\\/#breadcrumb\"},\"inLanguage\":\"de\",\"potentialAction\":[{\"@type\":\"ReadAction\",\"target\":[\"http:\\\/\\\/www.radort-magdeburg.com\\\/index.php\\\/touren\\\/elberadweg\\\/elbe-radweg-tschechien\\\/\"]}]},{\"@type\":\"BreadcrumbList\",\"@id\":\"http:\\\/\\\/www.radort-magdeburg.com\\\/index.php\\\/touren\\\/elberadweg\\\/elbe-radweg-tschechien\\\/#breadcrumb\",\"itemListElement\":[{\"@type\":\"ListItem\",\"position\":1,\"name\":\"Startseite\",\"item\":\"http:\\\/\\\/www.radort-magdeburg.com\\\/\"},{\"@type\":\"ListItem\",\"position\":2,\"name\":\"Touren\",\"item\":\"http:\\\/\\\/www.radort-magdeburg.com\\\/index.php\\\/touren\\\/\"},{\"@type\":\"ListItem\",\"position\":3,\"name\":\"Elberadweg\",\"item\":\"http:\\\/\\\/www.radort-magdeburg.com\\\/index.php\\\/touren\\\/elberadweg\\\/\"},{\"@type\":\"ListItem\",\"position\":4,\"name\":\"Elbe-Radweg Tschechien\"}]},{\"@type\":\"WebSite\",\"@id\":\"http:\\\/\\\/www.radort-magdeburg.com\\\/#website\",\"url\":\"http:\\\/\\\/www.radort-magdeburg.com\\\/\",\"name\":\"radort Magdeburg\",\"description\":\"Willkommen in unserer Radreise Region\",\"publisher\":{\"@id\":\"http:\\\/\\\/www.radort-magdeburg.com\\\/#\\\/schema\\\/person\\\/fceedb630e519c36aa801b23ec22d528\"},\"potentialAction\":[{\"@type\":\"SearchAction\",\"target\":{\"@type\":\"EntryPoint\",\"urlTemplate\":\"http:\\\/\\\/www.radort-magdeburg.com\\\/?s={search_term_string}\"},\"query-input\":{\"@type\":\"PropertyValueSpecification\",\"valueRequired\":true,\"valueName\":\"search_term_string\"}}],\"inLanguage\":\"de\"},{\"@type\":[\"Person\",\"Organization\"],\"@id\":\"http:\\\/\\\/www.radort-magdeburg.com\\\/#\\\/schema\\\/person\\\/fceedb630e519c36aa801b23ec22d528\",\"name\":\"radort_admin\",\"image\":{\"@type\":\"ImageObject\",\"inLanguage\":\"de\",\"@id\":\"https:\\\/\\\/secure.gravatar.com\\\/avatar\\\/12470d3a850e60ee25c5330a5f618df727969898bdd3b4cdf8bd2adede7c0dee?s=96&d=mm&r=g\",\"url\":\"https:\\\/\\\/secure.gravatar.com\\\/avatar\\\/12470d3a850e60ee25c5330a5f618df727969898bdd3b4cdf8bd2adede7c0dee?s=96&d=mm&r=g\",\"contentUrl\":\"https:\\\/\\\/secure.gravatar.com\\\/avatar\\\/12470d3a850e60ee25c5330a5f618df727969898bdd3b4cdf8bd2adede7c0dee?s=96&d=mm&r=g\",\"caption\":\"radort_admin\"},\"logo\":{\"@id\":\"https:\\\/\\\/secure.gravatar.com\\\/avatar\\\/12470d3a850e60ee25c5330a5f618df727969898bdd3b4cdf8bd2adede7c0dee?s=96&d=mm&r=g\"},\"sameAs\":[\"http:\\\/\\\/www.radort-magdeburg.com\"]}]}<\/script>\n<!-- \/ Yoast SEO plugin. -->","yoast_head_json":{"title":"Elbe-Radweg Tschechien - radort Magdeburg","robots":{"index":"index","follow":"follow","max-snippet":"max-snippet:-1","max-image-preview":"max-image-preview:large","max-video-preview":"max-video-preview:-1"},"canonical":"http:\/\/www.radort-magdeburg.com\/index.php\/touren\/elberadweg\/elbe-radweg-tschechien\/","og_locale":"de_DE","og_type":"article","og_title":"Elbe-Radweg Tschechien - radort Magdeburg","og_description":"Von der Elbquelle im Riesengebirge nach Bad Schandau 1. Tag: Individuelle Anreise nach Dresden und von Dresden \u00fcber Prag nach Vrchlabi mit dem Zug und dann weiter mit dem Rad nach \u0160pindler\u016fv Ml\u00fdn (Spindlerm\u00fchle). 2. Tag: \u0160pindler\u016fv Ml\u00fdn (Spindlerm\u00fchle) nach &hellip; Weiterlesen &rarr;","og_url":"http:\/\/www.radort-magdeburg.com\/index.php\/touren\/elberadweg\/elbe-radweg-tschechien\/","og_site_name":"radort Magdeburg","article_modified_time":"2025-12-27T21:45:20+00:00","twitter_card":"summary_large_image","twitter_misc":{"Gesch\u00e4tzte Lesezeit":"3\u00a0Minuten"},"schema":{"@context":"https:\/\/schema.org","@graph":[{"@type":"WebPage","@id":"http:\/\/www.radort-magdeburg.com\/index.php\/touren\/elberadweg\/elbe-radweg-tschechien\/","url":"http:\/\/www.radort-magdeburg.com\/index.php\/touren\/elberadweg\/elbe-radweg-tschechien\/","name":"Elbe-Radweg Tschechien - radort Magdeburg","isPartOf":{"@id":"http:\/\/www.radort-magdeburg.com\/#website"},"datePublished":"2025-06-09T13:37:01+00:00","dateModified":"2025-12-27T21:45:20+00:00","breadcrumb":{"@id":"http:\/\/www.radort-magdeburg.com\/index.php\/touren\/elberadweg\/elbe-radweg-tschechien\/#breadcrumb"},"inLanguage":"de","potentialAction":[{"@type":"ReadAction","target":["http:\/\/www.radort-magdeburg.com\/index.php\/touren\/elberadweg\/elbe-radweg-tschechien\/"]}]},{"@type":"BreadcrumbList","@id":"http:\/\/www.radort-magdeburg.com\/index.php\/touren\/elberadweg\/elbe-radweg-tschechien\/#breadcrumb","itemListElement":[{"@type":"ListItem","position":1,"name":"Startseite","item":"http:\/\/www.radort-magdeburg.com\/"},{"@type":"ListItem","position":2,"name":"Touren","item":"http:\/\/www.radort-magdeburg.com\/index.php\/touren\/"},{"@type":"ListItem","position":3,"name":"Elberadweg","item":"http:\/\/www.radort-magdeburg.com\/index.php\/touren\/elberadweg\/"},{"@type":"ListItem","position":4,"name":"Elbe-Radweg Tschechien"}]},{"@type":"WebSite","@id":"http:\/\/www.radort-magdeburg.com\/#website","url":"http:\/\/www.radort-magdeburg.com\/","name":"radort Magdeburg","description":"Willkommen in unserer Radreise Region","publisher":{"@id":"http:\/\/www.radort-magdeburg.com\/#\/schema\/person\/fceedb630e519c36aa801b23ec22d528"},"potentialAction":[{"@type":"SearchAction","target":{"@type":"EntryPoint","urlTemplate":"http:\/\/www.radort-magdeburg.com\/?s={search_term_string}"},"query-input":{"@type":"PropertyValueSpecification","valueRequired":true,"valueName":"search_term_string"}}],"inLanguage":"de"},{"@type":["Person","Organization"],"@id":"http:\/\/www.radort-magdeburg.com\/#\/schema\/person\/fceedb630e519c36aa801b23ec22d528","name":"radort_admin","image":{"@type":"ImageObject","inLanguage":"de","@id":"https:\/\/secure.gravatar.com\/avatar\/12470d3a850e60ee25c5330a5f618df727969898bdd3b4cdf8bd2adede7c0dee?s=96&d=mm&r=g","url":"https:\/\/secure.gravatar.com\/avatar\/12470d3a850e60ee25c5330a5f618df727969898bdd3b4cdf8bd2adede7c0dee?s=96&d=mm&r=g","contentUrl":"https:\/\/secure.gravatar.com\/avatar\/12470d3a850e60ee25c5330a5f618df727969898bdd3b4cdf8bd2adede7c0dee?s=96&d=mm&r=g","caption":"radort_admin"},"logo":{"@id":"https:\/\/secure.gravatar.com\/avatar\/12470d3a850e60ee25c5330a5f618df727969898bdd3b4cdf8bd2adede7c0dee?s=96&d=mm&r=g"},"sameAs":["http:\/\/www.radort-magdeburg.com"]}]}},"_links":{"self":[{"href":"http:\/\/www.radort-magdeburg.com\/index.php\/wp-json\/wp\/v2\/pages\/1622","targetHints":{"allow":["GET"]}}],"collection":[{"href":"http:\/\/www.radort-magdeburg.com\/index.php\/wp-json\/wp\/v2\/pages"}],"about":[{"href":"http:\/\/www.radort-magdeburg.com\/index.php\/wp-json\/wp\/v2\/types\/page"}],"author":[{"embeddable":true,"href":"http:\/\/www.radort-magdeburg.com\/index.php\/wp-json\/wp\/v2\/users\/1"}],"replies":[{"embeddable":true,"href":"http:\/\/www.radort-magdeburg.com\/index.php\/wp-json\/wp\/v2\/comments?post=1622"}],"version-history":[{"count":29,"href":"http:\/\/www.radort-magdeburg.com\/index.php\/wp-json\/wp\/v2\/pages\/1622\/revisions"}],"predecessor-version":[{"id":1663,"href":"http:\/\/www.radort-magdeburg.com\/index.php\/wp-json\/wp\/v2\/pages\/1622\/revisions\/1663"}],"up":[{"embeddable":true,"href":"http:\/\/www.radort-magdeburg.com\/index.php\/wp-json\/wp\/v2\/pages\/182"}],"wp:attachment":[{"href":"http:\/\/www.radort-magdeburg.com\/index.php\/wp-json\/wp\/v2\/media?parent=1622"}],"curies":[{"name":"wp","href":"https:\/\/api.w.org\/{rel}","templated":true}]}}