{"id":210,"date":"2020-04-03T13:34:59","date_gmt":"2020-04-03T11:34:59","guid":{"rendered":"http:\/\/www.radort-magdeburg.com\/?page_id=210"},"modified":"2023-08-06T21:19:55","modified_gmt":"2023-08-06T19:19:55","slug":"strecken","status":"publish","type":"page","link":"http:\/\/www.radort-magdeburg.com\/index.php\/touren\/elberadweg\/strecken\/","title":{"rendered":"Strecken"},"content":{"rendered":"\n<h2 class=\"wp-block-heading has-black-color has-text-color\"><strong>Elberadweg Nord<\/strong>                                                                                           von Cuxhaven und Brunsb\u00fcttel bis Wittenberge<\/h2>\n\n\n\n<p class=\"has-text-color has-black-color\"><strong>Kartenabschnitt A &#8211; Wo der Strommit dem Meer vereint<\/strong> \n                                                    \n <- E Route linkselbisch: 57 km                                                                                                                   E -> Route rechtselbisch: 28 km<\/p>\n\n\n\n<p>E -&gt; Br\u00fcnsb\u00fcttel &#8211; 28 km &#8211; Gl\u00fcckstadt<\/p>\n\n\n\n<p><- E Cuxhaven (Kugelbake) - 19 km - Otterndorf - 12 km - Neuhaus - 24 km - Freiburg ( Elbe)<\/p>\n\n\n\n<p><strong>Kartenabschnitt B &#8211; Im Land der Deiche und Obstbaumkulturen<\/strong>                                                 <- E Route linkselbisch: 55 km                                                                                                                    E -> Route rechtselbisch: 63 km<\/p>\n\n\n\n<p>E -&gt; Gl\u00fcckstadt &#8211; 26 km &#8211; Elmshorn &#8211; 37 km &#8211; Schulau<\/p>\n\n\n\n<p><- E Freiburg (Elbe) - 21 km - Krautsand - 21 km - Stade - 13 km - L\u00fche<\/p>\n\n\n\n<p><strong>Kartenabschnitt C &#8211; Hansetradition, Metropolengeschehen und stille Orte<\/strong>                                 <- E Route linkswlbisch: 32 km (58 km)                                                                                                                  E -> Route rechtselbisch: 38 km<\/p>\n\n\n\n<p>E -&gt; Schulau &#8211; 22 km &#8211; Hamburg (Landungsbr\u00fccken) &#8211; 18 km &#8211; Hamburg-F\u00fcnfhausen<\/p>\n\n\n\n<p><- E L\u00fche - 10 km - Jork - 22 km -\u00a0HH-Finkenwerder (Landungsbr\u00fccken - 26 km - Zollenspieker)<\/p>\n\n\n\n<p><strong>Kartenabschnitt D &#8211; Elbmarsch und Schifferorte<\/strong>                                                                                E -&gt; Route linkselbisch: 54 km<\/p>\n\n\n\n<p>&lt;- E Route rechtselbisch: 61 km<\/p>\n\n\n\n<p>E -&gt; Hoppte (F\u00e4hre) &#8211; 20 km &#8211; Tespe &#8211; 13 km &#8211; Lauenburg (Elbe) &#8211; 21 km &#8211; Bleckede<\/p>\n\n\n\n<p>&lt;- E HH-F\u00fcnfhausen &#8211; 20 km &#8211; Geesthacht &#8211; 19 km &#8211; Lauenburg (Elbe) &#8211; 22 km &#8211; Neu-Bleckede<\/p>\n\n\n\n<p><strong>Kartenabschnitt E Wo Grenzen verschwinden <\/strong>                                                                        <\/p>\n\n\n\n<p>E -&gt; Route linkselbisch: 32 km<\/p>\n\n\n\n<p>&lt;- E Route rechtselbisch: 29 km<\/p>\n\n\n\n<p>E -&gt; Bleckede &#8211; 15 km &#8211; Neu-Daechau &#8211; 17 km &#8211; Hitzacker<\/p>\n\n\n\n<p>&lt;- E Neu-Bleckede 14 km Darchau &#8211; 15 km &#8211; Herrenhof (Hitzacker)<\/p>\n\n\n\n<p><strong>Kartenabschnitt F &#8211; Wo die Stille des Nordens greifbar wird<\/strong>                                                <p>E -> Route linkselbisch: 82 km <\/p><\/p>\n\n\n\n<p><p>&lt;- E Route rechtselbisch: 76 km  <\/p><\/p>\n\n\n\n<p><p>E ->  Hitzacker (Elbe) &#8211; 33 km &#8211; Gorleben &#8211; 15 km &#8211; Gartow (Elbe) &#8211; 18 km &#8211; Wanzer 16 km &#8211; Wittenberge<\/p><\/p>\n\n\n\n<p><p><p>&lt;- E  Herrenhof &#8211; 22 km &#8211; D\u00f6mitz &#8211; 22 km &#8211; Lenzen (Elbe) &#8211; 32 km &#8211; Wittenberge<\/p><\/p><\/p>\n\n\n\n<h2 class=\"wp-block-heading has-black-color has-text-color\"><strong>Elberadweg Mitte <\/strong>                                                                                          von Wittenberge bis Dessau-Ro\u00dflau<\/h2>\n\n\n\n<p><strong>Kartenabschnitt G &#8211; Heimat vieler bedrohter Tier- und Pflanzenarten<\/strong>                          Abschnitt G: 38 km<\/p>\n\n\n\n<p>Wittenberge &#8211; 38 km &#8211;&nbsp; Havelberg &nbsp;<\/p>\n\n\n\n<p><strong>Kartenabschnitt H &#8211; Hanse und Romanik<\/strong>                                                                            Abschnitt H: 55 km<\/p>\n\n\n\n<p>Havelberg &#8211; 10 km &#8211; Werben &#8211; 30 km &#8211; Arneburg &#8211; 15 km Tanger\u00fcnde<\/p>\n\n\n\n<p><strong>Kartenabschnitt I &#8211; Durch gr\u00fcne Gefilde zum lebendigen Paradies am Fluss <\/strong>              Abschnitt I: 75 km<\/p>\n\n\n\n<p>Tanger\u00fcnde &#8211; 31 km &#8211; Kehnert &#8211; 11 km &#8211; Rog\u00e4tz &#8211; 33 km &#8211; Magdeburg<\/p>\n\n\n\n<p><strong>Kartenabschnitt J &#8211; Eine Reise durch die Zeit und zum Elbebiber<\/strong>                                  Abschnitt J: 92 km<\/p>\n\n\n\n<p><br>Magdeburg &#8211; 18 km &#8211; Sch\u00f6nebeck \/ Elbe &#8211; 30 km &#8211; Barby &#8211; 26 km &#8211; Aken \/ Elbe &#8211; 18 km &#8211; Dessau-Ro\u00dflau<\/p>\n\n\n\n<h2 class=\"wp-block-heading\"><strong>Elberadweg S\u00fcd <\/strong>                                                                                            von Dessau-Ro\u00dflau bis Sch\u00f6na \/ Schmilka<\/h2>\n\n\n\n<p><strong>Kartenabschnitt K &#8211; Vom Bauhaus durch das Gartenreich zu Luther<\/strong>                            Abschnitt K: 48 km<\/p>\n\n\n\n<p>Dessau-Ro\u00dflau &#8211; 21 km &#8211; Coswig \/ Anhalt &#8211; 13 km &#8211; Lutherstadt Wittenberg &#8211; 14 km &#8211; Elster<\/p>\n\n\n\n<p><strong>Kartenabschnitt L &#8211; WeiteAuen, schattige W\u00e4lder<\/strong>                                                              Abschnitt L: 69 km<\/p>\n\n\n\n<p>Elster \/ Elbe &#8211; 19 km &#8211; Pretzsch &#8211; 34 km &#8211; Torgau &#8211; 16 km &#8211; Belgern<\/p>\n\n\n\n<p><strong>Kartenabschnitt M &#8211; Durch kleine D\u00f6rfchen in die Residenzstadt Mei\u00dfen<\/strong>                    Abschnitt M: 60 km<\/p>\n\n\n\n<p>Belgern &#8211; 32 km &#8211; Riesa &#8211; 28 km &#8211; Mei\u00dfen<\/p>\n\n\n\n<p><strong>Kartenabschnitt N &#8211; Entlang steiler Weinberge nach Elbflorenz<\/strong>                                    Abschnitt N: 42 km<\/p>\n\n\n\n<p>Mei\u00dfen &#8211; 15 km &#8211; Radebeul &#8211; 10 km &#8211; Dresden &#8211; 17 km &#8211; Heidenau<\/p>\n\n\n\n<p><strong>Kartenabschnitt O &#8211; Durch die bizarre Welt des Elbsandsteingebirges<\/strong>                         Abschnitt O: 34 km<\/p>\n\n\n\n<p>Heidenau &#8211; 6 km &#8211; Pirna &#8211; 14 km &#8211; K\u00f6nigstein &#8211; 6 km &#8211; Bad Schandau &#8211; 8 km &#8211; Sch\u00f6na \/ Schmilka<\/p>\n\n\n\n<h2 class=\"wp-block-heading has-black-color has-text-color\"><strong>Elberadweg in Tschechien<\/strong>                                                                          von Decin zur Elbquelle \/ nach Prag<\/h2>\n\n\n\n<p><strong>Kartenabschnitt P &#8211; Fahrt durch die Elbschleife (orta Bohemica)<\/strong>                                   Abschnitt P: 65 km<\/p>\n\n\n\n<p>Schmilka \/ Hrensko &#8211; 15 km &#8211; Decin &#8211; 15 km &#8211; Velke Brezno &#8211; 10 km &#8211; Usti nad Labem &#8211; 25 km &#8211; Litomerice<\/p>\n\n\n\n<p><strong>Kartenabschnitt R &#8211; Wo die Moldau in die Elbe flie\u00dft<\/strong>                                                        Abschnitt R: 45 km<\/p>\n\n\n\n<p>Litomerice &#8211; 20 km &#8211; Roudnice nad Labem &#8211; 25 km &#8211; Melnik<\/p>\n\n\n\n<p>2A \/ EV7 Litomerice &#8211; 5 km &#8211; Terezin &#8211; 18 km &#8211; Roudnice nad Labem<\/p>\n\n\n\n<p><strong>Kartenabschnitt S &#8211; Historische St\u00e4dte des B\u00f6hmischen Elblandes und Prag erleben<\/strong>                                                                                                                                             Abschnitt S: 40 km                                                                                                                          Abschnitt S &#8211; Prag: 80 km<\/p>\n\n\n\n<p>Abschnitt S:                                                                                                                                            Melnik &#8211; 30 km &#8211; Brandys nad Labem-Stara Boleslav &#8211; 10 km &#8211; Celakovice<\/p>\n\n\n\n<p>Abschnitt S &#8211; Prag:                                                                                                                               Melnik &#8211; 21 km &#8211; Veltrusy &#8211; 34 km &#8211; Prag (Praha) &#8211; 25 km &#8211; Lazne Tousen<\/p>\n\n\n\n<p><strong>Kartenabschnitt T &#8211; Mit dem Drahtesel zur Kur?<\/strong>                                                               Anschnitt T: 60 km<\/p>\n\n\n\n<p>Celakovice &#8211; 30 km &#8211; Nymburk &#8211; 10 km &#8211; Podebrady &#8211; 20 km &#8211; Kolin<\/p>\n\n\n\n<p><strong>Kartenabschnitt U &#8211; F\u00fcr Fans des Pferde- und Motorsports   <\/strong>                                         Abschnitt U: 75 km<\/p>\n\n\n\n<p>Kolin &#8211; 25 km &#8211; Kladruby nad Labem &#8211; 27 km &#8211; Pardubice &#8211; 23 km &#8211; Hradec Kralove<\/p>\n\n\n\n<p><strong>Kartenabschnitt V &#8211; Wo die Elbe ihren Ursprung hat <\/strong>                                                       Abschnitt V: 95 km<\/p>\n\n\n\n<p>Hradec Kralove &#8211; 27 km &#8211; Kuks &#8211; 44 km &#8211; Vrchlabi &#8211; 24 km &#8211; Elbquelle \/ pramen Labe<\/p>\n","protected":false},"excerpt":{"rendered":"<p>Elberadweg Nord von Cuxhaven und Brunsb\u00fcttel bis Wittenberge Kartenabschnitt A &#8211; Wo der Strommit dem Meer vereint Route rechtselbisch: 28 km E -&gt; Br\u00fcnsb\u00fcttel &#8211; 28 km &#8211; Gl\u00fcckstadt<\/p>\n","protected":false},"author":1,"featured_media":0,"parent":182,"menu_order":0,"comment_status":"closed","ping_status":"closed","template":"","meta":{"_mc_calendar":[],"footnotes":""},"class_list":["post-210","page","type-page","status-publish","hentry"],"yoast_head":"<!-- This site is optimized with the Yoast SEO plugin v27.5 - https:\/\/yoast.com\/product\/yoast-seo-wordpress\/ -->\n<title>Strecken - radort Magdeburg<\/title>\n<meta name=\"robots\" content=\"index, follow, max-snippet:-1, max-image-preview:large, max-video-preview:-1\" \/>\n<link rel=\"canonical\" href=\"http:\/\/www.radort-magdeburg.com\/index.php\/touren\/elberadweg\/strecken\/\" \/>\n<meta property=\"og:locale\" content=\"de_DE\" \/>\n<meta property=\"og:type\" content=\"article\" \/>\n<meta property=\"og:title\" content=\"Strecken - radort Magdeburg\" \/>\n<meta property=\"og:description\" content=\"Elberadweg Nord von Cuxhaven und Brunsb\u00fcttel bis Wittenberge Kartenabschnitt A &#8211; Wo der Strommit dem Meer vereint Route rechtselbisch: 28 km E -&gt; Br\u00fcnsb\u00fcttel &#8211; 28 km &#8211; Gl\u00fcckstadt\" \/>\n<meta property=\"og:url\" content=\"http:\/\/www.radort-magdeburg.com\/index.php\/touren\/elberadweg\/strecken\/\" \/>\n<meta property=\"og:site_name\" content=\"radort Magdeburg\" \/>\n<meta property=\"article:modified_time\" content=\"2023-08-06T19:19:55+00:00\" \/>\n<meta name=\"twitter:card\" content=\"summary_large_image\" \/>\n<meta name=\"twitter:label1\" content=\"Gesch\u00e4tzte Lesezeit\" \/>\n\t<meta name=\"twitter:data1\" content=\"4\u00a0Minuten\" \/>\n<script type=\"application\/ld+json\" class=\"yoast-schema-graph\">{\"@context\":\"https:\\\/\\\/schema.org\",\"@graph\":[{\"@type\":\"WebPage\",\"@id\":\"http:\\\/\\\/www.radort-magdeburg.com\\\/index.php\\\/touren\\\/elberadweg\\\/strecken\\\/\",\"url\":\"http:\\\/\\\/www.radort-magdeburg.com\\\/index.php\\\/touren\\\/elberadweg\\\/strecken\\\/\",\"name\":\"Strecken - radort Magdeburg\",\"isPartOf\":{\"@id\":\"http:\\\/\\\/www.radort-magdeburg.com\\\/#website\"},\"datePublished\":\"2020-04-03T11:34:59+00:00\",\"dateModified\":\"2023-08-06T19:19:55+00:00\",\"breadcrumb\":{\"@id\":\"http:\\\/\\\/www.radort-magdeburg.com\\\/index.php\\\/touren\\\/elberadweg\\\/strecken\\\/#breadcrumb\"},\"inLanguage\":\"de\",\"potentialAction\":[{\"@type\":\"ReadAction\",\"target\":[\"http:\\\/\\\/www.radort-magdeburg.com\\\/index.php\\\/touren\\\/elberadweg\\\/strecken\\\/\"]}]},{\"@type\":\"BreadcrumbList\",\"@id\":\"http:\\\/\\\/www.radort-magdeburg.com\\\/index.php\\\/touren\\\/elberadweg\\\/strecken\\\/#breadcrumb\",\"itemListElement\":[{\"@type\":\"ListItem\",\"position\":1,\"name\":\"Startseite\",\"item\":\"http:\\\/\\\/www.radort-magdeburg.com\\\/\"},{\"@type\":\"ListItem\",\"position\":2,\"name\":\"Touren\",\"item\":\"http:\\\/\\\/www.radort-magdeburg.com\\\/index.php\\\/touren\\\/\"},{\"@type\":\"ListItem\",\"position\":3,\"name\":\"Elberadweg\",\"item\":\"http:\\\/\\\/www.radort-magdeburg.com\\\/index.php\\\/touren\\\/elberadweg\\\/\"},{\"@type\":\"ListItem\",\"position\":4,\"name\":\"Strecken\"}]},{\"@type\":\"WebSite\",\"@id\":\"http:\\\/\\\/www.radort-magdeburg.com\\\/#website\",\"url\":\"http:\\\/\\\/www.radort-magdeburg.com\\\/\",\"name\":\"radort Magdeburg\",\"description\":\"Willkommen in unserer Radreise Region\",\"publisher\":{\"@id\":\"http:\\\/\\\/www.radort-magdeburg.com\\\/#\\\/schema\\\/person\\\/fceedb630e519c36aa801b23ec22d528\"},\"potentialAction\":[{\"@type\":\"SearchAction\",\"target\":{\"@type\":\"EntryPoint\",\"urlTemplate\":\"http:\\\/\\\/www.radort-magdeburg.com\\\/?s={search_term_string}\"},\"query-input\":{\"@type\":\"PropertyValueSpecification\",\"valueRequired\":true,\"valueName\":\"search_term_string\"}}],\"inLanguage\":\"de\"},{\"@type\":[\"Person\",\"Organization\"],\"@id\":\"http:\\\/\\\/www.radort-magdeburg.com\\\/#\\\/schema\\\/person\\\/fceedb630e519c36aa801b23ec22d528\",\"name\":\"radort_admin\",\"image\":{\"@type\":\"ImageObject\",\"inLanguage\":\"de\",\"@id\":\"https:\\\/\\\/secure.gravatar.com\\\/avatar\\\/12470d3a850e60ee25c5330a5f618df727969898bdd3b4cdf8bd2adede7c0dee?s=96&d=mm&r=g\",\"url\":\"https:\\\/\\\/secure.gravatar.com\\\/avatar\\\/12470d3a850e60ee25c5330a5f618df727969898bdd3b4cdf8bd2adede7c0dee?s=96&d=mm&r=g\",\"contentUrl\":\"https:\\\/\\\/secure.gravatar.com\\\/avatar\\\/12470d3a850e60ee25c5330a5f618df727969898bdd3b4cdf8bd2adede7c0dee?s=96&d=mm&r=g\",\"caption\":\"radort_admin\"},\"logo\":{\"@id\":\"https:\\\/\\\/secure.gravatar.com\\\/avatar\\\/12470d3a850e60ee25c5330a5f618df727969898bdd3b4cdf8bd2adede7c0dee?s=96&d=mm&r=g\"},\"sameAs\":[\"http:\\\/\\\/www.radort-magdeburg.com\"]}]}<\/script>\n<!-- \/ Yoast SEO plugin. -->","yoast_head_json":{"title":"Strecken - radort Magdeburg","robots":{"index":"index","follow":"follow","max-snippet":"max-snippet:-1","max-image-preview":"max-image-preview:large","max-video-preview":"max-video-preview:-1"},"canonical":"http:\/\/www.radort-magdeburg.com\/index.php\/touren\/elberadweg\/strecken\/","og_locale":"de_DE","og_type":"article","og_title":"Strecken - radort Magdeburg","og_description":"Elberadweg Nord von Cuxhaven und Brunsb\u00fcttel bis Wittenberge Kartenabschnitt A &#8211; Wo der Strommit dem Meer vereint Route rechtselbisch: 28 km E -&gt; Br\u00fcnsb\u00fcttel &#8211; 28 km &#8211; Gl\u00fcckstadt","og_url":"http:\/\/www.radort-magdeburg.com\/index.php\/touren\/elberadweg\/strecken\/","og_site_name":"radort Magdeburg","article_modified_time":"2023-08-06T19:19:55+00:00","twitter_card":"summary_large_image","twitter_misc":{"Gesch\u00e4tzte Lesezeit":"4\u00a0Minuten"},"schema":{"@context":"https:\/\/schema.org","@graph":[{"@type":"WebPage","@id":"http:\/\/www.radort-magdeburg.com\/index.php\/touren\/elberadweg\/strecken\/","url":"http:\/\/www.radort-magdeburg.com\/index.php\/touren\/elberadweg\/strecken\/","name":"Strecken - radort Magdeburg","isPartOf":{"@id":"http:\/\/www.radort-magdeburg.com\/#website"},"datePublished":"2020-04-03T11:34:59+00:00","dateModified":"2023-08-06T19:19:55+00:00","breadcrumb":{"@id":"http:\/\/www.radort-magdeburg.com\/index.php\/touren\/elberadweg\/strecken\/#breadcrumb"},"inLanguage":"de","potentialAction":[{"@type":"ReadAction","target":["http:\/\/www.radort-magdeburg.com\/index.php\/touren\/elberadweg\/strecken\/"]}]},{"@type":"BreadcrumbList","@id":"http:\/\/www.radort-magdeburg.com\/index.php\/touren\/elberadweg\/strecken\/#breadcrumb","itemListElement":[{"@type":"ListItem","position":1,"name":"Startseite","item":"http:\/\/www.radort-magdeburg.com\/"},{"@type":"ListItem","position":2,"name":"Touren","item":"http:\/\/www.radort-magdeburg.com\/index.php\/touren\/"},{"@type":"ListItem","position":3,"name":"Elberadweg","item":"http:\/\/www.radort-magdeburg.com\/index.php\/touren\/elberadweg\/"},{"@type":"ListItem","position":4,"name":"Strecken"}]},{"@type":"WebSite","@id":"http:\/\/www.radort-magdeburg.com\/#website","url":"http:\/\/www.radort-magdeburg.com\/","name":"radort Magdeburg","description":"Willkommen in unserer Radreise Region","publisher":{"@id":"http:\/\/www.radort-magdeburg.com\/#\/schema\/person\/fceedb630e519c36aa801b23ec22d528"},"potentialAction":[{"@type":"SearchAction","target":{"@type":"EntryPoint","urlTemplate":"http:\/\/www.radort-magdeburg.com\/?s={search_term_string}"},"query-input":{"@type":"PropertyValueSpecification","valueRequired":true,"valueName":"search_term_string"}}],"inLanguage":"de"},{"@type":["Person","Organization"],"@id":"http:\/\/www.radort-magdeburg.com\/#\/schema\/person\/fceedb630e519c36aa801b23ec22d528","name":"radort_admin","image":{"@type":"ImageObject","inLanguage":"de","@id":"https:\/\/secure.gravatar.com\/avatar\/12470d3a850e60ee25c5330a5f618df727969898bdd3b4cdf8bd2adede7c0dee?s=96&d=mm&r=g","url":"https:\/\/secure.gravatar.com\/avatar\/12470d3a850e60ee25c5330a5f618df727969898bdd3b4cdf8bd2adede7c0dee?s=96&d=mm&r=g","contentUrl":"https:\/\/secure.gravatar.com\/avatar\/12470d3a850e60ee25c5330a5f618df727969898bdd3b4cdf8bd2adede7c0dee?s=96&d=mm&r=g","caption":"radort_admin"},"logo":{"@id":"https:\/\/secure.gravatar.com\/avatar\/12470d3a850e60ee25c5330a5f618df727969898bdd3b4cdf8bd2adede7c0dee?s=96&d=mm&r=g"},"sameAs":["http:\/\/www.radort-magdeburg.com"]}]}},"_links":{"self":[{"href":"http:\/\/www.radort-magdeburg.com\/index.php\/wp-json\/wp\/v2\/pages\/210","targetHints":{"allow":["GET"]}}],"collection":[{"href":"http:\/\/www.radort-magdeburg.com\/index.php\/wp-json\/wp\/v2\/pages"}],"about":[{"href":"http:\/\/www.radort-magdeburg.com\/index.php\/wp-json\/wp\/v2\/types\/page"}],"author":[{"embeddable":true,"href":"http:\/\/www.radort-magdeburg.com\/index.php\/wp-json\/wp\/v2\/users\/1"}],"replies":[{"embeddable":true,"href":"http:\/\/www.radort-magdeburg.com\/index.php\/wp-json\/wp\/v2\/comments?post=210"}],"version-history":[{"count":21,"href":"http:\/\/www.radort-magdeburg.com\/index.php\/wp-json\/wp\/v2\/pages\/210\/revisions"}],"predecessor-version":[{"id":1357,"href":"http:\/\/www.radort-magdeburg.com\/index.php\/wp-json\/wp\/v2\/pages\/210\/revisions\/1357"}],"up":[{"embeddable":true,"href":"http:\/\/www.radort-magdeburg.com\/index.php\/wp-json\/wp\/v2\/pages\/182"}],"wp:attachment":[{"href":"http:\/\/www.radort-magdeburg.com\/index.php\/wp-json\/wp\/v2\/media?parent=210"}],"curies":[{"name":"wp","href":"https:\/\/api.w.org\/{rel}","templated":true}]}}